{"id":221,"date":"2015-05-26T08:03:10","date_gmt":"2015-05-26T06:03:10","guid":{"rendered":"http:\/\/mcbourg.fr\/?page_id=221"},"modified":"2022-09-18T17:49:44","modified_gmt":"2022-09-18T15:49:44","slug":"planning-disponibilites","status":"publish","type":"page","link":"https:\/\/mcbourg.fr\/?page_id=221","title":{"rendered":"Prendre rendez-vous"},"content":{"rendered":"<p><em><strong>Vous pouvez prendre rendez-vous directement sur <a href=\"https:\/\/www.doctolib.fr\/sage-femme\/paris\/marie-christine-bourg\">doctolib.fr<\/a><br \/>\n<\/strong><\/em><\/p>\n<p><strong>En raison d&#8217;un grand nombre d&#8217;appels pour les CONSULTATIONS, la R\u00c9\u00c9DUCATION P\u00c9RIN\u00c9ALE et l&#8217;HAPTONOMIE, les d\u00e9lais de prise de rendez-vous peuvent \u00eatre plus longs.<br \/>\n<\/strong><\/p>\n<p><em>Merci de bien s\u00e9lectionner le motif qui correspond \u00e0 votre demande, car les rendez-vous n&#8217;ont pas tous la m\u00eame dur\u00e9e.<\/em><\/p>\n<p><strong>Par respect pour les patientes en liste d&#8217;attente, ainsi que pour la bonne marche du cabinet, tout rendez-vous non honor\u00e9 et non d\u00e9command\u00e9 au moins 48h avant est consid\u00e9r\u00e9 comme d\u00fb pour moiti\u00e9.<\/strong><\/p>\n<p><a class=\"doctolib-button\" title=\"Marie-Christine BOURG - Sage femme Paris\" href=\"https:\/\/www.doctolib.fr\/sage-femme\/paris\/marie-christine-bourg\" target=\"_blank\" rel=\"noopener noreferrer\">Prendre rendez-vous en ligne<\/a><\/p>\n<p><strong>* <\/strong><strong>SEANCES DE REEDUCATION PERINEALE<\/strong> : <strong>uniquement r\u00e9serv\u00e9es aux patientes d\u00e9j\u00e0 venues au cabinet. <\/strong>La demande \u00e9tant assez forte sur la r\u00e9\u00e9ducation, r\u00e9servez d&#8217;avance <strong>1 \u00e0 2 rendez-vous par semaine, en commen\u00e7ant \u00e0 partir de 6 semaines apr\u00e8s la date d&#8217;accouchement.<\/strong><\/p>\n<p><strong>* PR\u00c9PARATION A LA NAISSANCE<br \/>\n<\/strong><em>La CPAM prend en charge 8 s\u00e9ances de Pr\u00e9paration \u00e0 la Naissance et \u00e0 la Parentalit\u00e9 (PNP) : 1 Entretien Pr\u00e9natal individuel d\u00e8s le 4\u00e8me mois (20 SA)\u00a0 + 7 s\u00e9ances de PNP, avec la m\u00e9thode de votre choix (entre 20 et 37 SA) : Bonapace, Yoga pr\u00e9natal, Haptonomie ou autres. <\/em><\/p>\n<p><em>Je ne donne plus de rendez-vous apr\u00e8s 37 SA.<br \/>\n<\/em><\/p>\n<p><strong><em>*** <\/em>Pr\u00e9paration avec la M\u00e9thode Bonapace :<br \/>\n<\/strong>Apr\u00e8s avoir r\u00e9serv\u00e9 l&#8217;Entretien pr\u00e9natal, r\u00e9servez <strong>4 s\u00e9ances en couple<\/strong>, entre entre 28 et 37 SA.<em><br \/>\n<\/em><em><strong>Prenez rendez-vous directement sur <a href=\"https:\/\/www.doctolib.fr\/sage-femme\/paris\/marie-christine-bourg\">doctolib.fr<\/a><\/strong><\/em><\/p>\n<p><em>*** <\/em><strong>Pr\u00e9paration CLASSIQUE :<br \/>\n<\/strong>A partir de Septembre 2022, je ne proposerai plus les 7 s\u00e9ances de Pr\u00e9paration Classique, mais uniquement les s\u00e9ances suivantes : &#8220;<strong>Allaitement<\/strong>&#8221; (\u00e0 faire entre 28 et 37 SA), &#8220;<strong>P\u00e9rin\u00e9e et grossesse<\/strong>&#8221; et &#8220;<strong>Positions d&#8217;accouchement et Pouss\u00e9e<\/strong>&#8221; (\u00e0 faire entre 33 et 37 SA).<br \/>\n<em><strong>Prenez rendez-vous directement sur <a href=\"https:\/\/www.doctolib.fr\/sage-femme\/paris\/marie-christine-bourg\">doctolib.fr<\/a><\/strong><\/em><\/p>\n<p><strong>*** Pr\u00e9paration avec YOGA pr\u00e9natal :<br \/>\n<\/strong>De 20 \u00e0 37 SA vous pouvez r\u00e9server ces s\u00e9ances \u00e0 la carte (<em>chaque s\u00e9ance compte comme une s\u00e9ance<\/em><em> de PNP<\/em>).<br \/>\n<em><em><strong>Prenez rendez-vous directement sur <a href=\"https:\/\/www.doctolib.fr\/sage-femme\/paris\/marie-christine-bourg\">doctolib.fr<\/a><\/strong><\/em><\/em><\/p>\n<p><strong><em>*** <\/em>Pr\u00e9paration avec l&#8217;Haptonomie :<br \/>\n<\/strong>L&#8217;Haptonomie se commence au plus tard entre 20 et 26 SA. Apr\u00e8s avoir r\u00e9serv\u00e9 l&#8217;Entretien pr\u00e9natal, r\u00e9servez d&#8217;avance <strong>2 s\u00e9ances \u00e0<\/strong> <strong>environ 1 mois d&#8217;intervalle.<\/strong> <em><br \/>\n<\/em><em><strong>Prenez rendez-vous directement sur <a href=\"https:\/\/www.doctolib.fr\/sage-femme\/paris\/marie-christine-bourg\">doctolib.fr<\/a><\/strong><\/em><\/p>\n","protected":false},"excerpt":{"rendered":"<p>Vous pouvez prendre rendez-vous directement sur doctolib.fr En raison d&#8217;un grand nombre d&#8217;appels pour les CONSULTATIONS, la R\u00c9\u00c9DUCATION P\u00c9RIN\u00c9ALE et l&#8217;HAPTONOMIE, les d\u00e9lais de prise de rendez-vous peuvent \u00eatre plus longs. Merci de bien s\u00e9lectionner le motif qui correspond \u00e0 votre demande, car les rendez-vous n&#8217;ont pas tous la m\u00eame dur\u00e9e. Par respect pour les [&hellip;]<\/p>\n","protected":false},"author":2,"featured_media":0,"parent":0,"menu_order":0,"comment_status":"closed","ping_status":"closed","template":"","meta":{"footnotes":""},"class_list":["post-221","page","type-page","status-publish","hentry"],"_links":{"self":[{"href":"https:\/\/mcbourg.fr\/index.php?rest_route=\/wp\/v2\/pages\/221"}],"collection":[{"href":"https:\/\/mcbourg.fr\/index.php?rest_route=\/wp\/v2\/pages"}],"about":[{"href":"https:\/\/mcbourg.fr\/index.php?rest_route=\/wp\/v2\/types\/page"}],"author":[{"embeddable":true,"href":"https:\/\/mcbourg.fr\/index.php?rest_route=\/wp\/v2\/users\/2"}],"replies":[{"embeddable":true,"href":"https:\/\/mcbourg.fr\/index.php?rest_route=%2Fwp%2Fv2%2Fcomments&post=221"}],"version-history":[{"count":143,"href":"https:\/\/mcbourg.fr\/index.php?rest_route=\/wp\/v2\/pages\/221\/revisions"}],"predecessor-version":[{"id":595,"href":"https:\/\/mcbourg.fr\/index.php?rest_route=\/wp\/v2\/pages\/221\/revisions\/595"}],"wp:attachment":[{"href":"https:\/\/mcbourg.fr\/index.php?rest_route=%2Fwp%2Fv2%2Fmedia&parent=221"}],"curies":[{"name":"wp","href":"https:\/\/api.w.org\/{rel}","templated":true}]}}