{"id":27,"date":"2012-12-28T01:32:05","date_gmt":"2012-12-28T00:32:05","guid":{"rendered":"http:\/\/mcbourg.fr\/?page_id=27"},"modified":"2023-12-15T13:48:35","modified_gmt":"2023-12-15T12:48:35","slug":"accueil","status":"publish","type":"page","link":"https:\/\/mcbourg.fr\/","title":{"rendered":"Bienvenue"},"content":{"rendered":"\n<figure class=\"wp-block-image size-large\"><img decoding=\"async\" src=\"https:\/\/mcbourg.fr\/wp-uploads\/2023\/01\/Ste?phanie.jpg\" alt=\"\" class=\"wp-image-632\"\/><\/figure>\n\n\n<p style=\"text-align: center;\" align=\"center\"><a href=\"\/wp-uploads\/2012\/12\/Christine.jpg\"><img loading=\"lazy\" decoding=\"async\" class=\"alignnone size-medium wp-image-212\" src=\"\/wp-uploads\/2012\/12\/Christine-226x300.jpg\" alt=\"Christine\" width=\"226\" height=\"300\" srcset=\"https:\/\/mcbourg.fr\/wp-uploads\/2012\/12\/Christine-226x300.jpg 226w, https:\/\/mcbourg.fr\/wp-uploads\/2012\/12\/Christine-774x1024.jpg 774w, https:\/\/mcbourg.fr\/wp-uploads\/2012\/12\/Christine.jpg 1681w\" sizes=\"(max-width: 226px) 100vw, 226px\" \/><\/a><\/p>\n<p style=\"text-align: justify;\">Dipl\u00f4m\u00e9e de la facult\u00e9 de m\u00e9decine de Cochin, \u00c9cole de Sages-Femmes de Baudelocque-Port-Royal \u00e0 Paris, je suis install\u00e9e en lib\u00e9ral depuis bient\u00f4t 25 ans dans le 13<sup>\u00e8me<\/sup> arrondissement.<br \/>J&#8217;ai peu \u00e0 peu enrichi ma formation initiale avec <strong>la m\u00e9thode Bonapace, l&#8217;Haptonomie,\u00a0 les positions d&#8217;accouchement physiologiques (m\u00e9thode De Gasquet), le yoga pr\u00e9natal et<\/strong> <strong>l&#8217;hom\u00e9opathie<\/strong>. Je suis \u00e9galement dipl\u00f4m\u00e9e de la facult\u00e9 de pharmacie de Paris pour l&#8217;utilisation m\u00e9dicale des <strong>Plantes m\u00e9dicinales<\/strong> et des <strong>Huiles Essentielles<\/strong>.<br \/>Pendant quelques ann\u00e9es, j&#8217;ai \u00e9t\u00e9 charg\u00e9e de cours \u00e0 l\u2019\u00c9cole de Sages-Femmes de Baudelocque ainsi que formatrice en r\u00e9\u00e9ducation p\u00e9rin\u00e9ale pour les sages-femmes lib\u00e9rales.<br \/>Je participe activement au R\u00e9seau Sage-Femmes-Paris-Ile-de-France (<a href=\"https:\/\/www.sages-femmes-idf.fr\/\">https:\/\/www.sages-femmes-idf.fr\/<\/a>) et je travaille en liaison avec les h\u00f4pitaux proches du cabinet. Je re\u00e7ois des patientes de toutes les maternit\u00e9s : Port-Royal, Piti\u00e9-Salp\u00e9tri\u00e8re, Kremlin-Bic\u00eatre, Institut Mutualiste Montsouris, H\u00f4pital Saint-Joseph, Maternit\u00e9 Sainte F\u00e9licit\u00e9, H\u00f4pital priv\u00e9 d&#8217;Antony, Necker, Trousseau, les Diaconesses, Les Lilas, Les Bluets, Antoine-B\u00e9cl\u00e8re.<\/p>\n<p style=\"text-align: justify;\"><a title=\"Visite virtuelle du Cabinet\" href=\"https:\/\/goo.gl\/zXztWu\">Visite virtuelle du Cabinet<\/a><\/p>\n<p style=\"text-align: justify;\">Retrouvez-moi sur Facebook : <strong>&#8220;<a href=\"https:\/\/www.facebook.com\/4ruedelaProvidence\">Cabinet de la Providence<\/a>&#8220;<\/strong><\/p>\n<p>\u00a0<\/p>\n<p style=\"text-align: center;\"><span style=\"color: #ff00ff;\"><strong>Avant, pendant et apr\u00e8s la grossesse, je suis \u00e0 vos c\u00f4t\u00e9s pour &#8230;<\/strong><\/span><\/p>\n<p>\u00a0<\/p>\n<p style=\"text-align: justify;\"><strong><span style=\"color: #ff00ff;\">&#8230; vous accompagner dans votre d\u00e9sir de grossesse :<\/span><br \/><\/strong><\/p>\n<ul>\n<li style=\"text-align: justify;\"><span style=\"color: #008000;\"><strong>Consultation de conseil avant de commencer une grossesse (consultation &#8220;pr\u00e9-conceptionnelle&#8221;) : <\/strong><\/span>cette consultation permet de faire le point sur votre sant\u00e9 en g\u00e9n\u00e9ral et les d\u00e9pistages pr\u00e9alables, programmer si besoin les vaccinations importantes avant une grossesse et r\u00e9pondre \u00e0 toutes les questions que vous vous posez, le choix de la maternit\u00e9, etc.<\/li>\n<\/ul>\n<p><strong><span style=\"color: #ff00ff;\">&#8230; assurer le suivi m\u00e9dical de la grossesse (1 consultation\/mois), en coordination avec votre Maternit\u00e9 :<\/span><br \/><\/strong><\/p>\n<ul>\n<li><strong><span style=\"color: #008000;\">Suivi m\u00e9dical de la grossesse<\/span> : <\/strong>consultation possible d\u00e8s le 1er mois, surtout si vous avez besoin d&#8217;\u00eatre rassur\u00e9e ou d&#8217;\u00eatre soulag\u00e9e des naus\u00e9es ou autres d\u00e9sagr\u00e9ments.<strong><br \/><\/strong><\/li>\n<li><span style=\"color: #008000;\"><strong>Monitoring foetal<\/strong><\/span> (enregistrement des battements de coeur du b\u00e9b\u00e9) : \u00e0 votre demande \u00e0 partir de 24 SA (d\u00e9but du 6\u00e8me mois) ou sur prescription m\u00e9dicale.<\/li>\n<\/ul>\n<p><span style=\"color: #ff00ff;\">&#8230; <strong>vous proposer les s\u00e9ances de Pr\u00e9paration \u00e0 la Naissance et \u00e0 la Parentalit\u00e9 :<\/strong><\/span><\/p>\n<ul>\n<li><strong>d&#8217;abord l&#8217;<span style=\"color: #008000;\">Entretien du 4\u00e8me mois<\/span><\/strong>, entre 16 et 20 SA (&#8220;l&#8217;Entretien pr\u00e9natal&#8221;),<\/li>\n<li><strong>puis <span style=\"color: #008000;\">7 s\u00e9ances de Pr\u00e9paration \u00e0 la naissance<\/span><\/strong> (entre 20 et 37 SA) avec la m\u00e9thode de votre choix <strong>: <\/strong>Haptonomie, m\u00e9thode Bonapace, Relaxation\/Neurofeedback, Yoga pr\u00e9natal.<\/li>\n<\/ul>\n<p><em>\u00a0\u00a0\u00a0\u00a0\u00a0\u00a0\u00a0 Important : si vous souhaitez une pr\u00e9paration avec l&#8217;Haptonomie, me contacter par sms avant 20 SA.<\/em><\/p>\n<p style=\"text-align: justify;\"><span style=\"color: #ff00ff;\"><strong>&#8230; apr\u00e8s l&#8217;accouchement :<br \/><\/strong><\/span><\/p>\n<ul>\n<li style=\"text-align: justify;\"><span style=\"color: #008000;\"><strong>Visites \u00e0 domicile ou \u00e0 mon cabinet <\/strong><\/span>apr\u00e8s la sortie de maternit\u00e9 : pour v\u00e9rifier la cicatrisation du cordon ombilical, le suivi du poids et de l&#8217;alimentation de votre b\u00e9b\u00e9, les conseils de pu\u00e9riculture, et si besoin vous accompagner dans la mise en route de l&#8217;allaitement.<\/li>\n<li><strong><span style=\"color: #008000;\">Consultations d&#8217;allaitement<\/span> : <\/strong>pendant toute la dur\u00e9e de l&#8217;allaitement.<\/li>\n<li><span style=\"color: #008000;\"><strong>l&#8217;Entretien postnatal<\/strong> <\/span>: cet entretien, mis en place en septembre 2022, est orient\u00e9 vers l&#8217;\u00e9valuation du bien \u00eatre \u00e9motionnel des m\u00e8res et le d\u00e9pistage des premiers signes de d\u00e9pression postnatale.\u00a0<\/li>\n<li style=\"text-align: left;\"><span style=\"color: #008000;\"><strong>la Consultation postnatale <\/strong><\/span>(pour la m\u00e8re)<strong> :<\/strong> il s&#8217;agit d&#8217;un bilan gyn\u00e9cologique, \u00e0 faire vers 6-8 semaines apr\u00e8s l&#8217;accouchement.<\/li>\n<li style=\"text-align: justify;\"><span style=\"color: #008000;\"><strong>Prescription d&#8217;une contraception<\/strong> <strong>adapt\u00e9e<\/strong><\/span> \u00e0 la p\u00e9riode postnatale et l&#8217;allaitement.<\/li>\n<li style=\"text-align: justify;\"><span style=\"color: #008000;\"><strong>R\u00e9\u00e9ducation du p\u00e9rin\u00e9e<\/strong><\/span> : d\u00e8s 6-8 semaines apr\u00e8s l&#8217;accouchement.<\/li>\n<li><em>(la r\u00e9\u00e9ducation des abdominaux se fait aupr\u00e8s des kin\u00e9sith\u00e9rapeutes, sur prescription m\u00e9dicale)<\/em><\/li>\n<\/ul>\n<p><strong><span style=\"color: #ff00ff;\">&#8230; suivi gyn\u00e9cologique annuel :<\/span> <\/strong><\/p>\n<p>Pour toutes les jeunes filles et les femmes en bonne sant\u00e9, je vous accompagne aussi tout au long de votre vie de femme :<\/p>\n<ul>\n<li><strong><span style=\"color: #008000;\">Conseil et prescription de la contraception, naturelle ou hormonale.<\/span> <\/strong><\/li>\n<li><span style=\"color: #000000;\">Consultation<\/span> pour votre <span style=\"color: #008000;\"><strong>suivi gyn\u00e9cologique<\/strong><\/span> annuel.<\/li>\n<li><strong><span style=\"color: #008000;\">R\u00e9alisation du frottis<\/span>.<\/strong><strong><br \/><\/strong><\/li>\n<\/ul>\n<p><span style=\"color: #ff00ff;\"><strong>&#8230; c<\/strong><strong>onseils et prescriptions de plantes m\u00e9dicinales et huiles essentielles <\/strong><strong>:<\/strong><\/span><\/p>\n<ul>\n<li><strong><span style=\"color: #008000;\">chez les b\u00e9b\u00e9s<\/span><\/strong> : pour diminuer les coliques du nourrisson, les reflux, l&#8217;\u00e9ryth\u00e8me fessier (fesses rouges), les douleurs dentaires, etc<\/li>\n<li>chez les femmes : pour les <strong><span style=\"color: #008000;\">r\u00e8gles douloureuses<\/span><\/strong>, les <strong><span style=\"color: #008000;\">mycoses<\/span><\/strong> vaginales et et autres d\u00e9sagr\u00e9ment gyn\u00e9cologiques,<strong><br \/><\/strong><\/li>\n<li>en traitement de fond en cas d&#8217;<strong><span style=\"color: #008000;\">infections urinaires r\u00e9cidivantes<\/span><\/strong>,<\/li>\n<li>en traitement de fond en cas de <strong><span style=\"color: #008000;\">mauvaise circulation veineuse<\/span><\/strong> (varices, h\u00e9morro\u00efdes)<\/li>\n<li>pour aider \u00e0 soulager les d\u00e9sagr\u00e9ments de la <strong><span style=\"color: #008000;\">m\u00e9nopause<\/span><\/strong><\/li>\n<li>etc &#8230;<\/li>\n<\/ul>\n\n\n<p><\/p>\n","protected":false},"excerpt":{"rendered":"<p>Dipl\u00f4m\u00e9e de la facult\u00e9 de m\u00e9decine de Cochin, \u00c9cole de Sages-Femmes de Baudelocque-Port-Royal \u00e0 Paris, je suis install\u00e9e en lib\u00e9ral depuis bient\u00f4t 25 ans dans le 13\u00e8me arrondissement.J&#8217;ai peu \u00e0 peu enrichi ma formation initiale avec la m\u00e9thode Bonapace, l&#8217;Haptonomie,\u00a0 les positions d&#8217;accouchement physiologiques (m\u00e9thode De Gasquet), le yoga pr\u00e9natal et l&#8217;hom\u00e9opathie. Je suis \u00e9galement [&hellip;]<\/p>\n","protected":false},"author":1,"featured_media":0,"parent":0,"menu_order":0,"comment_status":"closed","ping_status":"closed","template":"","meta":{"footnotes":""},"class_list":["post-27","page","type-page","status-publish","hentry"],"_links":{"self":[{"href":"https:\/\/mcbourg.fr\/index.php?rest_route=\/wp\/v2\/pages\/27"}],"collection":[{"href":"https:\/\/mcbourg.fr\/index.php?rest_route=\/wp\/v2\/pages"}],"about":[{"href":"https:\/\/mcbourg.fr\/index.php?rest_route=\/wp\/v2\/types\/page"}],"author":[{"embeddable":true,"href":"https:\/\/mcbourg.fr\/index.php?rest_route=\/wp\/v2\/users\/1"}],"replies":[{"embeddable":true,"href":"https:\/\/mcbourg.fr\/index.php?rest_route=%2Fwp%2Fv2%2Fcomments&post=27"}],"version-history":[{"count":93,"href":"https:\/\/mcbourg.fr\/index.php?rest_route=\/wp\/v2\/pages\/27\/revisions"}],"predecessor-version":[{"id":666,"href":"https:\/\/mcbourg.fr\/index.php?rest_route=\/wp\/v2\/pages\/27\/revisions\/666"}],"wp:attachment":[{"href":"https:\/\/mcbourg.fr\/index.php?rest_route=%2Fwp%2Fv2%2Fmedia&parent=27"}],"curies":[{"name":"wp","href":"https:\/\/api.w.org\/{rel}","templated":true}]}}