{"id":64,"date":"2013-04-18T21:24:43","date_gmt":"2013-04-18T19:24:43","guid":{"rendered":"http:\/\/mcbourg.fr\/?page_id=64"},"modified":"2019-02-07T16:37:51","modified_gmt":"2019-02-07T15:37:51","slug":"reeducation-perineale","status":"publish","type":"page","link":"https:\/\/mcbourg.fr\/?page_id=64","title":{"rendered":"R\u00e9\u00e9ducation P\u00e9rin\u00e9ale"},"content":{"rendered":"<p>La r\u00e9\u00e9ducation p\u00e9rin\u00e9ale peut d\u00e9buter au plus t\u00f4t 6 \u00e0 8 semaines apr\u00e8s l&#8217;accouchement, ou plusieurs mois plus tard si vous ne vous sentez pas encore pr\u00eate.<\/p>\n<p style=\"text-align: center;\"><em><strong>Lire et remplir l&#8217;auto-questionnaire en bas de cette page<\/strong><\/em><\/p>\n<p>Je pratique la r\u00e9\u00e9ducation en <strong>m\u00e9thode manuelle<\/strong> (sans sonde vaginale ni \u00e9lectricit\u00e9) : m\u00e9thode CMP (Contr\u00f4le et Ma\u00eetrise du P\u00e9rin\u00e9e) et m\u00e9thode du Dr B. de Gasquet.<\/p>\n<p>Les s\u00e9ances sont individuelles et adapt\u00e9es \u00e0 votre cas en fonction du bilan r\u00e9alis\u00e9 lors du 1er rendez-vous.<br \/>\nComptez 1 \u00e0 2 rendez-vous par semaine au d\u00e9but, d&#8217;une dur\u00e9e de 30 minutes. Selon les cas 5 \u00e0 10 s\u00e9ances seront n\u00e9cessaires.<\/p>\n<p><em>Attention : Suite \u00e0 beaucoup d&#8217;annulations de derni\u00e8re minute, d&#8217;oublis, d&#8217;erreurs d&#8217;heure ou de date, etc &#8230; <strong>tout rendez-vous manqu\u00e9 et non d\u00e9command\u00e9 48h \u00e0 l&#8217;avance sera consid\u00e9r\u00e9 comme d\u00fb et ne sera pas rembours\u00e9<\/strong>. Merci de votre compr\u00e9hension.<\/em><\/p>\n<p><strong>Votre b\u00e9b\u00e9 est le bienvenu lors de nos s\u00e9ances, et <\/strong>un transat tr\u00e8s confortable est pr\u00e9vu pour l&#8217;accueillir. Vous pouvez donc venir en poussette, en porte-b\u00e9b\u00e9, en \u00e9charpe ou simplement avec votre b\u00e9b\u00e9 dans les bras. <strong>Pour \u00e9viter que les b\u00e9b\u00e9s ne s&#8217;\u00e9changent trop de microbes, apportez un tissu (lange, couverture, ch\u00e2le &#8230;) pour poser dans le transat<\/strong>.<\/p>\n<p><strong>Si l&#8217;horaire de la s\u00e9ance correspond \u00e0 une heure de t\u00e9t\u00e9e ou de biberon<\/strong> : venez un peu avant pour commencer \u00e0 lui donner en salle d&#8217;attente, sinon il t\u00e8tera pendant la s\u00e9ance, cela ne pose aucun probl\u00e8me au contraire \ud83d\ude42<\/p>\n<p>Le fait d&#8217;<strong>avoir ses r\u00e8gles<\/strong> n&#8217;emp\u00eache pas de faire la s\u00e9ance, sauf si c&#8217;est douloureux ou si cela vous g\u00eane.<\/p>\n<p>Pensez aussi \u00e0 <strong>apporter un par\u00e9o ou un grand foulard<\/strong> pour couvrir vos jambes pendant la s\u00e9ance et pr\u00e9server votre intimit\u00e9.<\/p>\n<p><span style=\"text-decoration: underline;\">Comment se d\u00e9roule une s\u00e9ance ?<\/span><\/p>\n<p>Apr\u00e8s un bilan personnalis\u00e9, vous apprenez s\u00e9ance apr\u00e8s s\u00e9ance les exercices qui vont faire travailler les muscles les plus faibles, de fa\u00e7on pr\u00e9cise et cibl\u00e9e.<br \/>\nUne fois chez vous, vous avez un programme d&#8217;<strong>exercices quotidiens \u00e0 faire pendant 15-20 minutes, 1 \u00e0 2 fois par jour.<\/strong><\/p>\n<p>Cela demande donc <strong>de la motivation et de la pers\u00e9v\u00e9rance.<br \/>\n<\/strong>Au d\u00e9but on ne sent pas grand chose, les muscles semblent comme &#8220;endormis&#8221;, mais tr\u00e8s vite, vous sentirez que tout devient plus solide, plus fiable, et surtout vous d\u00e9couvrez peu \u00e0 peu tous vos &#8220;muscles cach\u00e9s&#8221;.<\/p>\n<p><a href=\"https:\/\/mcbourg.fr\/wp-uploads\/2013\/04\/Bilan-p\u00e9rin\u00e9e.pdf\">Auto questionnaire Bilan p\u00e9rin\u00e9al<\/a><\/p>\n<p>&nbsp;<\/p>\n<p>&nbsp;<\/p>\n","protected":false},"excerpt":{"rendered":"<p>La r\u00e9\u00e9ducation p\u00e9rin\u00e9ale peut d\u00e9buter au plus t\u00f4t 6 \u00e0 8 semaines apr\u00e8s l&#8217;accouchement, ou plusieurs mois plus tard si vous ne vous sentez pas encore pr\u00eate. Lire et remplir l&#8217;auto-questionnaire en bas de cette page Je pratique la r\u00e9\u00e9ducation en m\u00e9thode manuelle (sans sonde vaginale ni \u00e9lectricit\u00e9) : m\u00e9thode CMP (Contr\u00f4le et Ma\u00eetrise du [&hellip;]<\/p>\n","protected":false},"author":2,"featured_media":0,"parent":0,"menu_order":0,"comment_status":"closed","ping_status":"closed","template":"","meta":{"footnotes":""},"class_list":["post-64","page","type-page","status-publish","hentry"],"_links":{"self":[{"href":"https:\/\/mcbourg.fr\/index.php?rest_route=\/wp\/v2\/pages\/64"}],"collection":[{"href":"https:\/\/mcbourg.fr\/index.php?rest_route=\/wp\/v2\/pages"}],"about":[{"href":"https:\/\/mcbourg.fr\/index.php?rest_route=\/wp\/v2\/types\/page"}],"author":[{"embeddable":true,"href":"https:\/\/mcbourg.fr\/index.php?rest_route=\/wp\/v2\/users\/2"}],"replies":[{"embeddable":true,"href":"https:\/\/mcbourg.fr\/index.php?rest_route=%2Fwp%2Fv2%2Fcomments&post=64"}],"version-history":[{"count":17,"href":"https:\/\/mcbourg.fr\/index.php?rest_route=\/wp\/v2\/pages\/64\/revisions"}],"predecessor-version":[{"id":473,"href":"https:\/\/mcbourg.fr\/index.php?rest_route=\/wp\/v2\/pages\/64\/revisions\/473"}],"wp:attachment":[{"href":"https:\/\/mcbourg.fr\/index.php?rest_route=%2Fwp%2Fv2%2Fmedia&parent=64"}],"curies":[{"name":"wp","href":"https:\/\/api.w.org\/{rel}","templated":true}]}}