{"id":8,"date":"2012-12-27T22:22:51","date_gmt":"2012-12-27T21:22:51","guid":{"rendered":"http:\/\/mcbourg.fr\/?page_id=8"},"modified":"2022-11-14T17:50:39","modified_gmt":"2022-11-14T16:50:39","slug":"cours","status":"publish","type":"page","link":"https:\/\/mcbourg.fr\/?page_id=8","title":{"rendered":"Je me pr\u00e9pare pour l&#8217;accouchement"},"content":{"rendered":"<p><em><strong> <a href=\"https:\/\/www.doctolib.fr\/sage-femme\/paris\/marie-christine-bourg\">doctolib.fr<\/a><\/strong><\/em><\/p>\n<p><em>Les r\u00e9servations sont ouvertes sur DOCTOLIB, mais les demandes \u00e9tant parfois tr\u00e8s nombreuses, il arrive que l&#8217;agenda soit complet.<\/em><strong><br \/>\n<\/strong><\/p>\n<p><strong>NB : par respect pour les patientes en liste d&#8217;attente, ainsi que pour la bonne marche du cabinet, tout rendez-vous non honor\u00e9 et non d\u00e9command\u00e9 au moins 48h avant est consid\u00e9r\u00e9 comme d\u00fb pour moiti\u00e9, et sans remboursement possible. Je vous remercie de votre compr\u00e9hension.<br \/>\n<\/strong><\/p>\n<p><em>NB : la S\u00e9curit\u00e9 Sociale prend en charge 1 seul Entretien du 4\u00e8me mois (&#8220;Entretien Pr\u00e9natal) et les 7 premi\u00e8res s\u00e9ances de Pr\u00e9paration \u00e0 la Naissance et \u00e0 la Parentalit\u00e9 (PNP).<\/em><\/p>\n<p>Si vous souhaitez vous pr\u00e9parer \u00e0 un <strong>accouchement le plus physiologique possible<\/strong>, voire sans p\u00e9ridurale, en permettant \u00e0 votre partenaire de participer pleinement pour vous soutenir, je vous conseille la <strong>m\u00e9thode Bonapace<\/strong> (prononcer \u00ab bonapatch\u00e9 \u00bb) :<\/p>\n<ul>\n<li>Commencez par l\u2019Entretien du 4<sup>\u00e8me<\/sup> mois&nbsp;<strong>(\u00ab&nbsp;Entretien Pr\u00e9natal&nbsp;\u00bb)<\/strong> <strong>\u00e0 programmer<\/strong><strong> \u00e0 partir de 20 SA<\/strong>. Ce rendez-vous permet de parler plus particuli\u00e8rement de votre grossesse et vous permet de choisir au mieux votre programme de Pr\u00e9paration \u00e0 la Naissance et \u00e0 la Parentalit\u00e9 (PNP), et d\u2019aborder des questions plus personnelles.<\/li>\n<li>puis<strong> 4 s\u00e9ances Bonapace<\/strong> (\u00e0 programmer entre 28 et 37 SA),<\/li>\n<li>1 s\u00e9ance \u00ab&nbsp;<strong>P\u00e9rin\u00e9e et grossesse<\/strong>\u00bb (entre 32 et 36 SA)<\/li>\n<li><u>Si c\u2019est une 1<sup>\u00e8re<\/sup> grossesse <\/u>: 1 s\u00e9ance \u00ab&nbsp;<strong>Les 1ers jours avec b\u00e9b\u00e9<\/strong>&nbsp;\u00bb, et si vous souhaitez allaiter&nbsp;: 1 s\u00e9ance \u00ab&nbsp;<strong>Allaitement<\/strong>&nbsp;\u00bb (entre 28 et 37 SA)<\/li>\n<li><u>Et si c\u2019est votre 2<sup>\u00e8me<\/sup> accouchement ou plus<\/u> : 2 s\u00e9ances <strong>Yoga pr\u00e9natal<\/strong> (entre 28 et 37 SA) pour travailler en particulier les exercices de respiration.<\/li>\n<\/ul>\n<p>Si vous \u00eates plut\u00f4t int\u00e9ress\u00e9s par la pr\u00e9paration en couple avec<strong> l\u2019Haptonomie<\/strong>, dans le souhait de renforcer la communication affective \u00e0 trois, avec votre enfant, et ainsi l&#8217;aider \u00e0 d\u00e9velopper sa s\u00e9curit\u00e9 de base et son autonomie :<\/p>\n<ul>\n<li>Commencez par l\u2019Entretien du 4<sup>\u00e8me<\/sup> mois&nbsp;<strong>(\u00ab&nbsp;Entretien Pr\u00e9natal&nbsp;\u00bb)<\/strong> <strong>\u00e0 programmer<\/strong><strong> \u00e0 partir de 20 SA<\/strong>. Ce rendez-vous permet de parler plus particuli\u00e8rement de votre grossesse et vous permet de choisir au mieux votre programme de Pr\u00e9paration \u00e0 la Naissance et \u00e0 la Parentalit\u00e9 (PNP), et d\u2019aborder des questions plus personnelles.<\/li>\n<li>puis <strong>4 ou 5 s\u00e9ances d\u2019Haptonomie<\/strong> (\u00e0 programmer entre 24 et 37 SA),<\/li>\n<li>1 s\u00e9ance \u00ab&nbsp;<strong>P\u00e9rin\u00e9e et grossesse<\/strong>\u00bb (entre 32 et 36 SA)<\/li>\n<li><u>Si c\u2019est une 1<sup>\u00e8re<\/sup> grossesse <\/u>: 1 s\u00e9ance \u00ab&nbsp;<strong>Les 1ers jours avec b\u00e9b\u00e9<\/strong>&nbsp;\u00bb, et si vous souhaitez allaiter&nbsp;: 1 s\u00e9ance \u00ab&nbsp;<strong>Allaitement<\/strong>&nbsp;\u00bb (entre 28 et 37 SA)<\/li>\n<li><u>Et si c\u2019est votre 2<sup>\u00e8me<\/sup> accouchement ou plus<\/u> : il restera 1 ou 2 s\u00e9ances \u00e0 adapter en fonction de vos demandes : r\u00e9vision sur l\u2019allaitement, la gestion de la douleur avant la p\u00e9ridurale, etc.<\/li>\n<li><strong>L\u2019Haptonomie se poursuit en postnatal<\/strong> en accompagnant votre enfant vers l\u2019autonomie, \u00e0 des moments-cl\u00e9s de son d\u00e9veloppement&nbsp;: vers 6 semaines, 3 mois, 9 mois et vers 12-18 mois (d\u00e9but de la marche).<\/li>\n<\/ul>\n","protected":false},"excerpt":{"rendered":"<p>doctolib.fr Les r\u00e9servations sont ouvertes sur DOCTOLIB, mais les demandes \u00e9tant parfois tr\u00e8s nombreuses, il arrive que l&#8217;agenda soit complet. NB : par respect pour les patientes en liste d&#8217;attente, ainsi que pour la bonne marche du cabinet, tout rendez-vous non honor\u00e9 et non d\u00e9command\u00e9 au moins 48h avant est consid\u00e9r\u00e9 comme d\u00fb pour moiti\u00e9, [&hellip;]<\/p>\n","protected":false},"author":1,"featured_media":0,"parent":0,"menu_order":0,"comment_status":"closed","ping_status":"closed","template":"","meta":{"footnotes":""},"class_list":["post-8","page","type-page","status-publish","hentry"],"_links":{"self":[{"href":"https:\/\/mcbourg.fr\/index.php?rest_route=\/wp\/v2\/pages\/8"}],"collection":[{"href":"https:\/\/mcbourg.fr\/index.php?rest_route=\/wp\/v2\/pages"}],"about":[{"href":"https:\/\/mcbourg.fr\/index.php?rest_route=\/wp\/v2\/types\/page"}],"author":[{"embeddable":true,"href":"https:\/\/mcbourg.fr\/index.php?rest_route=\/wp\/v2\/users\/1"}],"replies":[{"embeddable":true,"href":"https:\/\/mcbourg.fr\/index.php?rest_route=%2Fwp%2Fv2%2Fcomments&post=8"}],"version-history":[{"count":88,"href":"https:\/\/mcbourg.fr\/index.php?rest_route=\/wp\/v2\/pages\/8\/revisions"}],"predecessor-version":[{"id":616,"href":"https:\/\/mcbourg.fr\/index.php?rest_route=\/wp\/v2\/pages\/8\/revisions\/616"}],"wp:attachment":[{"href":"https:\/\/mcbourg.fr\/index.php?rest_route=%2Fwp%2Fv2%2Fmedia&parent=8"}],"curies":[{"name":"wp","href":"https:\/\/api.w.org\/{rel}","templated":true}]}}